{"id":512,"date":"2017-11-15T10:29:59","date_gmt":"2017-11-15T09:29:59","guid":{"rendered":""},"modified":"2022-09-14T20:01:01","modified_gmt":"2022-09-14T18:01:01","slug":"chateau-margaux-1er-grand-cru-classe-ac-margaux-2013-1ks-magnum","status":"publish","type":"product","link":"https:\/\/www.grandcru.cz\/cs_CZ\/produkt\/chateau-margaux-1er-grand-cru-classe-ac-margaux-2013-1ks-magnum\/","title":{"rendered":"Ch\u00e2teau Margaux, 1er Grand Cru Class\u00e9, AC Margaux, 2013,1,5l  (Magnum)"},"content":{"rendered":"<p>Z\u00e1mek byl zn\u00e1m ji\u017e ve 12. stolet\u00ed pod n\u00e1zvem \u201ela Mothe de Margaux\u201c a v t\u00e9 dob\u011b je\u0161t\u011b na panstv\u00ed nebyla vys\u00e1zena vinn\u00e1 r\u00e9va.<\/p>\n<p>V pr\u016fb\u011bhu generac\u00ed\u00a0a stalet\u00ed zru\u010dnost jedn\u011bch a inovace druh\u00fdch z oby\u010dejn\u00e9ho Ch\u00e2teau\u00a0Margaux ud\u011blali v\u00fdjime\u010dn\u00e9 v\u00edno, jak\u00e9 zn\u00e1me dnes. Neodmyslitelnou osobnost\u00ed tohot ch\u00e2teau je Andr\u00e9 Mentzelopoulos. \u017d\u00e1dn\u00fd jin\u00fd majitel v jeho dlouh\u00e9 historii nesplnil tak d\u016fle\u017eitou \u00falohu v tak kr\u00e1tk\u00e9m \u010dase. Po studi\u00edch literatury v Grenoblu odjel na D\u00e1ln\u00fd v\u00fdchod do Barmy, \u010c\u00edny, Indie a P\u00e1kist\u00e1nu, kde v\u00fdznamn\u011b zbohatl z obchodu s obil\u00edm. Po n\u00e1vratu do Evropy se o\u017eenil s mladou Francouzkou a v roce 1958 z\u00edskal spole\u010dnost F\u00e9lix Potin zalo\u017eenou v roce 1844, ke kter\u00e9 pat\u0159ilo 80 obchod\u016f se sm\u00ed\u0161en\u00fdm zbo\u017e\u00edm.<\/p>\n<p>Andr\u00e9 vybudoval z t\u00e9to spole\u010dnosti v\u00fdznamn\u00fd modern\u00ed distribu\u010dn\u00ed d\u016fm s 1600 prodejn\u00edmi m\u00edsty a presti\u017en\u00edmi nemovitostmi v Pa\u0159\u00ed\u017ei. V roce 1977 koupil Andr\u00e9 Ch\u00e2teau Margaux a ihned se do n\u011bj zamiloval. D\u00edky jeho \u00fa\u017easn\u011b bystr\u00e9mu intelektu a pracovitosti se Ch\u00e2teau Margaux dostalo op\u011bt na prvn\u00ed m\u00edsto, kter\u00e9 mu pat\u0159\u00ed. Andr\u00e9 Mentzelopoulos vizion\u00e1\u0159sky do nov\u011b nabyt\u00e9ho vina\u0159stv\u00ed investoval v nep\u0159\u00edzniv\u00e9 dob\u011b, ani\u017e by o\u010dek\u00e1val okam\u017eit\u00e9 zhodnocen\u00ed.<\/p>\n<p>Pod veden\u00edm enologa Emila Peynauda za\u010dal znovu prod\u00e1vat Pavillon Rouge, v\u00edce selektovat hrozny, za\u010dal \u0161kolit v\u00edno v nov\u00fdch sudech a vinifikovat Pavillon blanc&#8230; V sou\u010dasn\u00e9 dob\u011b je v \u010dele vina\u0159stv\u00ed jeho dcera Corinne Mentzelopoulos.<\/p>\n<p>&nbsp;<\/p>\n<p>&nbsp;<\/p>\n<p>&nbsp;<\/p>\n","protected":false},"excerpt":{"rendered":"<p>Z\u00e1mek byl zn\u00e1m ji\u017e ve 12. stolet\u00ed pod n\u00e1zvem \u201ela Mothe de Margaux\u201c a v t\u00e9 dob\u011b je\u0161t\u011b na panstv\u00ed nebyla vys\u00e1zena vinn\u00e1 r\u00e9va.<\/p>\n<p>V pr\u016fb\u011bhu generac\u00ed\u00a0a stalet\u00ed zru\u010dnost jedn\u011bch a inovace druh\u00fdch z oby\u010dejn\u00e9ho Ch\u00e2teau\u00a0Margaux ud\u011blali v\u00fdjime\u010dn\u00e9 v\u00edno, jak\u00e9 zn\u00e1me dnes. Neodmyslitelnou osobnost\u00ed tohot ch\u00e2teau je Andr\u00e9 Mentzelopoulos. \u017d\u00e1dn\u00fd jin\u00fd majitel v jeho dlouh\u00e9 historii nesplnil tak d\u016fle\u017eitou \u00falohu v tak kr\u00e1tk\u00e9m \u010dase. Po studi\u00edch literatury v Grenoblu odjel na D\u00e1ln\u00fd v\u00fdchod do Barmy, \u010c\u00edny, Indie a P\u00e1kist\u00e1nu, kde v\u00fdznamn\u011b zbohatl z obchodu s obil\u00edm. Po n\u00e1vratu do Evropy se o\u017eenil s mladou Francouzkou a v roce 1958 z\u00edskal spole\u010dnost F\u00e9lix Potin zalo\u017eenou v roce 1844, ke kter\u00e9 pat\u0159ilo 80 obchod\u016f se sm\u00ed\u0161en\u00fdm zbo\u017e\u00edm.<\/p>\n<p>Andr\u00e9 vybudoval z t\u00e9to spole\u010dnosti v\u00fdznamn\u00fd modern\u00ed distribu\u010dn\u00ed d\u016fm s 1600 prodejn\u00edmi m\u00edsty a presti\u017en\u00edmi nemovitostmi v Pa\u0159\u00ed\u017ei. V roce 1977 koupil Andr\u00e9 Ch\u00e2teau Margaux a ihned se do n\u011bj zamiloval. D\u00edky jeho \u00fa\u017easn\u011b bystr\u00e9mu intelektu a pracovitosti se Ch\u00e2teau Margaux dostalo op\u011bt na prvn\u00ed m\u00edsto, kter\u00e9 mu pat\u0159\u00ed. Andr\u00e9 Mentzelopoulos vizion\u00e1\u0159sky do nov\u011b nabyt\u00e9ho vina\u0159stv\u00ed investoval v nep\u0159\u00edzniv\u00e9 dob\u011b, ani\u017e by o\u010dek\u00e1val okam\u017eit\u00e9 zhodnocen\u00ed.<\/p>\n<p>Pod veden\u00edm enologa Emila Peynauda za\u010dal znovu prod\u00e1vat Pavillon Rouge, v\u00edce selektovat hrozny, za\u010dal \u0161kolit v\u00edno v nov\u00fdch sudech a vinifikovat Pavillon blanc&#8230; V sou\u010dasn\u00e9 dob\u011b je v \u010dele vina\u0159stv\u00ed jeho dcera Corinne Mentzelopoulos.<\/p>\n<p>&nbsp;<\/p>\n<p>&nbsp;<\/p>\n<p>&nbsp;<\/p>\n","protected":false},"featured_media":510,"comment_status":"open","ping_status":"closed","template":"","meta":[],"product_cat":[11,56,14],"product_tag":[],"_links":{"self":[{"href":"https:\/\/www.grandcru.cz\/cs_CZ\/wp-json\/wp\/v2\/product\/512"}],"collection":[{"href":"https:\/\/www.grandcru.cz\/cs_CZ\/wp-json\/wp\/v2\/product"}],"about":[{"href":"https:\/\/www.grandcru.cz\/cs_CZ\/wp-json\/wp\/v2\/types\/product"}],"replies":[{"embeddable":true,"href":"https:\/\/www.grandcru.cz\/cs_CZ\/wp-json\/wp\/v2\/comments?post=512"}],"wp:featuredmedia":[{"embeddable":true,"href":"https:\/\/www.grandcru.cz\/cs_CZ\/wp-json\/wp\/v2\/media\/510"}],"wp:attachment":[{"href":"https:\/\/www.grandcru.cz\/cs_CZ\/wp-json\/wp\/v2\/media?parent=512"}],"wp:term":[{"taxonomy":"product_cat","embeddable":true,"href":"https:\/\/www.grandcru.cz\/cs_CZ\/wp-json\/wp\/v2\/product_cat?post=512"},{"taxonomy":"product_tag","embeddable":true,"href":"https:\/\/www.grandcru.cz\/cs_CZ\/wp-json\/wp\/v2\/product_tag?post=512"}],"curies":[{"name":"wp","href":"https:\/\/api.w.org\/{rel}","templated":true}]}}

Château Margaux, 1er Grand Cru Classé, AC Margaux, 2013,1,5l  (Magnum)

<p>Zámek byl znám již ve 12. století pod názvem „la Mothe de Margaux“ a v té době ještě na panství nebyla vysázena vinná réva.</p>
<p>V průběhu generací a staletí zručnost jedněch a inovace druhých z obyčejného Château Margaux udělali výjimečné víno, jaké známe dnes. Neodmyslitelnou osobností tohot château je André Mentzelopoulos. Žádný jiný majitel v jeho dlouhé historii nesplnil tak důležitou úlohu v tak krátkém čase. Po studiích literatury v Grenoblu odjel na Dálný východ do Barmy, Číny, Indie a Pákistánu, kde významně zbohatl z obchodu s obilím. Po návratu do Evropy se oženil s mladou Francouzkou a v roce 1958 získal společnost Félix Potin založenou v roce 1844, ke které patřilo 80 obchodů se smíšeným zbožím.</p>
<p>André vybudoval z této společnosti významný moderní distribuční dům s 1600 prodejními místy a prestižními nemovitostmi v Paříži. V roce 1977 koupil André Château Margaux a ihned se do něj zamiloval. Díky jeho úžasně bystrému intelektu a pracovitosti se Château Margaux dostalo opět na první místo, které mu patří. André Mentzelopoulos vizionářsky do nově nabytého vinařství investoval v nepříznivé době, aniž by očekával okamžité zhodnocení.</p>
<p>Pod vedením enologa Emila Peynauda začal znovu prodávat Pavillon Rouge, více selektovat hrozny, začal školit víno v nových sudech a vinifikovat Pavillon blanc&#8230; V současné době je v čele vinařství jeho dcera Corinne Mentzelopoulos.</p>
<p>&nbsp;</p>
<p>&nbsp;</p>
<p>&nbsp;</p>
