{"id":1113,"date":"2025-08-18T12:12:49","date_gmt":"2025-08-18T10:12:49","guid":{"rendered":"https:\/\/www.grandcru.cz\/?post_type=product&#038;p=1113"},"modified":"2025-08-18T12:26:10","modified_gmt":"2025-08-18T10:26:10","slug":"hospices-de-beaune-1er-cru-les-basses-vergelesses-cuvee-rameau-lamarosse-2014-075l","status":"publish","type":"product","link":"https:\/\/www.grandcru.cz\/cs_CZ\/produkt\/hospices-de-beaune-1er-cru-les-basses-vergelesses-cuvee-rameau-lamarosse-2014-075l\/","title":{"rendered":"Hospices de Beaune, 1er Cru Les Basses Vergelesses, Cuv\u00e9e Rameau-Lamarosse 2014, 0,75l"},"content":{"rendered":"<div class=\"page\" title=\"Page 10\">\n<div class=\"section\">\n<div class=\"layoutArea\">\n<div class=\"column\">\n<div class=\"page\" title=\"Page 10\">\n<div class=\"section\">\n<div class=\"layoutArea\">\n<div class=\"column\">\n<div class=\"page\" title=\"Page 10\">\n<div class=\"section\">\n<div class=\"layoutArea\">\n<div class=\"column\">\n<p>Pernand-Vergelesses 1er Cru Les Basses Vergelesses<\/p>\n<div class=\"page\" title=\"Page 10\">\n<div class=\"section\">\n<div class=\"layoutArea\">\n<div class=\"column\">\n<p>Climat: Les Basses Vergelesses \u2013 0,69 ha<\/p>\n<\/div>\n<\/div>\n<\/div>\n<\/div>\n<p>Od roku 1626 je rodina Lamarosse osudov\u011b sv\u00e1z\u00e1na s m\u00edstem Beaune. V 19. stolet\u00ed jej\u00ed posledn\u00ed potomek odk\u00e1zal a rozd\u011blil rodov\u00e9 vinice mezi Hospices de Beaune a vesnici Pernand, ze kter\u00e9 rodina poch\u00e1zela. Ro\u010dn\u00edk 2013 nebyl pro burgundsk\u00e1 v\u00edna jednoduch\u00fd, a to p edev\u0161\u00edm d\u00edky \u010dervencov\u00e9mu krupobit\u00ed, kter\u00e9 se ov\u0161em na\u0161t\u011bst\u00ed nedotklo oblasti Corton Grand Cru, v jeho\u017e t\u011bsn\u00e9m sousedstv\u00ed se nach\u00e1zej\u00ed vinice Pernand. Vinice m\u00e1 v\u00fdbornou expozici na jihov\u00fdchod.<\/p>\n<\/div>\n<div class=\"column\">\n<p>Kdy\u017e jsem v\u00edno poprv\u00e9 v listopadu 2013 \u2013 je\u0161t p\u0159ed slavnou dra\u017ebou v Hospices de Beaune \u2013 ochutnal, zaujala mne vynikaj\u00edc\u00ed struktura kyselin a po\u010d\u00e1te\u010dn\u00ed doteky sladk\u00fdch tanin\u016f z v\u00fdborn\u011b zvolen\u00e9ho sudu. Po osmn\u00e1ctim\u011bs\u00ed\u010dn\u00edm le\u017een\u00ed v sudu a povinn\u00e9m t\u0159\u00edm\u011bs\u00ed\u010dn\u00edm \u00a0odpo\u010dinut\u00ed v l\u00e1hvi jsem v\u00edno ochutnal znovu&#8230; A je nutno dodat, \u017ee za\u017e\u00edv\u00e1m m\u00e1lo tak p\u0159ekvapiv\u00fdch okam\u017eik\u016f , jako byl tento. To, co jsem vn\u00edmal p\u0159i prvn\u00edm ochutn\u00e1n\u00ed v roce 2013 v slibn\u00fdch n\u00e1znac\u00edch, nyn\u00ed bylo kr\u00e1sn\u011b rozvinuto. Syt\u011b \u010derven\u00e1 barva s rub\u00ednov\u00fdmi odlesky, vyzr\u00e1l\u00e1 chu\u0165 , na takto mlad\u00e9 v\u00edno p\u0159ekvapiv\u011b harmonick\u00e1, podtr\u017een\u00e1 p\u0159\u00edjemnou poddajnou t\u0159\u00edslovinou a dopln\u011bn\u00e1 ovocn\u00fdmi podt\u00f3ny zral\u00fdch \u010derven\u00fdch bobulovin. Dlouh\u00fd z\u00e1v\u011br s akcentem t\u00f3n\u016f zr\u00e1n\u00ed v sudu d\u00e1v\u00e1 v\u00ednu je\u0161t velk\u00fd potenci\u00e1l zr\u00e1n\u00ed<\/p>\n<\/div>\n<\/div>\n<\/div>\n<\/div>\n<\/div>\n<\/div>\n<\/div>\n<\/div>\n<\/div>\n<\/div>\n<\/div>\n<\/div>\n","protected":false},"excerpt":{"rendered":"<div class=\"page\" title=\"Page 10\">\n<div class=\"section\">\n<div class=\"layoutArea\">\n<div class=\"column\">\n<div class=\"page\" title=\"Page 10\">\n<div class=\"section\">\n<div class=\"layoutArea\">\n<div class=\"column\">\n<div class=\"page\" title=\"Page 10\">\n<div class=\"section\">\n<div class=\"layoutArea\">\n<div class=\"column\">\n<p>Pernand-Vergelesses 1er Cru Les Basses Vergelesses<\/p>\n<div class=\"page\" title=\"Page 10\">\n<div class=\"section\">\n<div class=\"layoutArea\">\n<div class=\"column\">\n<p>Climat: Les Basses Vergelesses \u2013 0,69 ha<\/p>\n<\/div>\n<\/div>\n<\/div>\n<\/div>\n<p>Od roku 1626 je rodina Lamarosse osudov\u011b sv\u00e1z\u00e1na s m\u00edstem Beaune. V 19. stolet\u00ed jej\u00ed posledn\u00ed potomek odk\u00e1zal a rozd\u011blil rodov\u00e9 vinice mezi Hospices de Beaune a vesnici Pernand, ze kter\u00e9 rodina poch\u00e1zela. Ro\u010dn\u00edk 2013 nebyl pro burgundsk\u00e1 v\u00edna jednoduch\u00fd, a to p edev\u0161\u00edm d\u00edky \u010dervencov\u00e9mu krupobit\u00ed, kter\u00e9 se ov\u0161em na\u0161t\u011bst\u00ed nedotklo oblasti Corton Grand Cru, v jeho\u017e t\u011bsn\u00e9m sousedstv\u00ed se nach\u00e1zej\u00ed vinice Pernand. Vinice m\u00e1 v\u00fdbornou expozici na jihov\u00fdchod.<\/p>\n<\/div>\n<div class=\"column\">\n<p>Kdy\u017e jsem v\u00edno poprv\u00e9 v listopadu 2014 \u2013 je\u0161t p\u0159ed slavnou dra\u017ebou v Hospices de Beaune \u2013 ochutnal, zaujala mne vynikaj\u00edc\u00ed struktura kyselin a po\u010d\u00e1te\u010dn\u00ed doteky sladk\u00fdch tanin\u016f z v\u00fdborn\u011b zvolen\u00e9ho sudu. Po osmn\u00e1ctim\u011bs\u00ed\u010dn\u00edm le\u017een\u00ed v sudu a povinn\u00e9m t\u0159\u00edm\u011bs\u00ed\u010dn\u00edm \u00a0odpo\u010dinut\u00ed v l\u00e1hvi jsem v\u00edno ochutnal znovu&#8230; A je nutno dodat, \u017ee za\u017e\u00edv\u00e1m m\u00e1lo tak p\u0159ekvapiv\u00fdch okam\u017eik\u016f , jako byl tento. To, co jsem vn\u00edmal p\u0159i prvn\u00edm ochutn\u00e1n\u00ed v roce 2013 v slibn\u00fdch n\u00e1znac\u00edch, nyn\u00ed bylo kr\u00e1sn\u011b rozvinuto. Syt\u011b \u010derven\u00e1 barva s rub\u00ednov\u00fdmi odlesky, vyzr\u00e1l\u00e1 chu\u0165 , na takto mlad\u00e9 v\u00edno p\u0159ekvapiv\u011b harmonick\u00e1, podtr\u017een\u00e1 p\u0159\u00edjemnou poddajnou t\u0159\u00edslovinou a dopln\u011bn\u00e1 ovocn\u00fdmi podt\u00f3ny zral\u00fdch \u010derven\u00fdch bobulovin. Dlouh\u00fd z\u00e1v\u011br s akcentem t\u00f3n\u016f zr\u00e1n\u00ed v sudu d\u00e1v\u00e1 v\u00ednu je\u0161t velk\u00fd potenci\u00e1l zr\u00e1n\u00ed<\/p>\n<\/div>\n<\/div>\n<\/div>\n<\/div>\n<\/div>\n<\/div>\n<\/div>\n<\/div>\n<\/div>\n<\/div>\n<\/div>\n<\/div>\n","protected":false},"featured_media":1115,"comment_status":"open","ping_status":"closed","template":"","meta":[],"product_cat":[11,33,56,14],"product_tag":[],"_links":{"self":[{"href":"https:\/\/www.grandcru.cz\/cs_CZ\/wp-json\/wp\/v2\/product\/1113"}],"collection":[{"href":"https:\/\/www.grandcru.cz\/cs_CZ\/wp-json\/wp\/v2\/product"}],"about":[{"href":"https:\/\/www.grandcru.cz\/cs_CZ\/wp-json\/wp\/v2\/types\/product"}],"replies":[{"embeddable":true,"href":"https:\/\/www.grandcru.cz\/cs_CZ\/wp-json\/wp\/v2\/comments?post=1113"}],"wp:featuredmedia":[{"embeddable":true,"href":"https:\/\/www.grandcru.cz\/cs_CZ\/wp-json\/wp\/v2\/media\/1115"}],"wp:attachment":[{"href":"https:\/\/www.grandcru.cz\/cs_CZ\/wp-json\/wp\/v2\/media?parent=1113"}],"wp:term":[{"taxonomy":"product_cat","embeddable":true,"href":"https:\/\/www.grandcru.cz\/cs_CZ\/wp-json\/wp\/v2\/product_cat?post=1113"},{"taxonomy":"product_tag","embeddable":true,"href":"https:\/\/www.grandcru.cz\/cs_CZ\/wp-json\/wp\/v2\/product_tag?post=1113"}],"curies":[{"name":"wp","href":"https:\/\/api.w.org\/{rel}","templated":true}]}}

Hospices de Beaune, 1er Cru Les Basses Vergelesses, Cuvée Rameau-Lamarosse 2014, 0,75l

<div class="page" title="Page 10">
<div class="section">
<div class="layoutArea">
<div class="column">
<div class="page" title="Page 10">
<div class="section">
<div class="layoutArea">
<div class="column">
<div class="page" title="Page 10">
<div class="section">
<div class="layoutArea">
<div class="column">
<p>Pernand-Vergelesses 1er Cru Les Basses Vergelesses</p>
<div class="page" title="Page 10">
<div class="section">
<div class="layoutArea">
<div class="column">
<p>Climat: Les Basses Vergelesses – 0,69 ha</p>
</div>
</div>
</div>
</div>
<p>Od roku 1626 je rodina Lamarosse osudově svázána s místem Beaune. V 19. století její poslední potomek odkázal a rozdělil rodové vinice mezi Hospices de Beaune a vesnici Pernand, ze které rodina pocházela. Ročník 2013 nebyl pro burgundská vína jednoduchý, a to p edevším díky červencovému krupobití, které se ovšem naštěstí nedotklo oblasti Corton Grand Cru, v jehož těsném sousedství se nacházejí vinice Pernand. Vinice má výbornou expozici na jihovýchod.</p>
</div>
<div class="column">
<p>Když jsem víno poprvé v listopadu 2013 – ješt před slavnou dražbou v Hospices de Beaune – ochutnal, zaujala mne vynikající struktura kyselin a počáteční doteky sladkých taninů z výborně zvoleného sudu. Po osmnáctiměsíčním ležení v sudu a povinném tříměsíčním  odpočinutí v láhvi jsem víno ochutnal znovu&#8230; A je nutno dodat, že zažívám málo tak překvapivých okamžiků , jako byl tento. To, co jsem vnímal při prvním ochutnání v roce 2013 v slibných náznacích, nyní bylo krásně rozvinuto. Sytě červená barva s rubínovými odlesky, vyzrálá chuť , na takto mladé víno překvapivě harmonická, podtržená příjemnou poddajnou tříslovinou a doplněná ovocnými podtóny zralých červených bobulovin. Dlouhý závěr s akcentem tónů zrání v sudu dává vínu ješt velký potenciál zrání</p>
</div>
</div>
</div>
</div>
</div>
</div>
</div>
</div>
</div>
</div>
</div>
</div>

<div class="page" title="Page 10">
<div class="section">
<div class="layoutArea">
<div class="column">
<div class="page" title="Page 10">
<div class="section">
<div class="layoutArea">
<div class="column">
<div class="page" title="Page 10">
<div class="section">
<div class="layoutArea">
<div class="column">
<p>Pernand-Vergelesses 1er Cru Les Basses Vergelesses</p>
<div class="page" title="Page 10">
<div class="section">
<div class="layoutArea">
<div class="column">
<p>Climat: Les Basses Vergelesses – 0,69 ha</p>
</div>
</div>
</div>
</div>
<p>Od roku 1626 je rodina Lamarosse osudově svázána s místem Beaune. V 19. století její poslední potomek odkázal a rozdělil rodové vinice mezi Hospices de Beaune a vesnici Pernand, ze které rodina pocházela. Ročník 2013 nebyl pro burgundská vína jednoduchý, a to p edevším díky červencovému krupobití, které se ovšem naštěstí nedotklo oblasti Corton Grand Cru, v jehož těsném sousedství se nacházejí vinice Pernand. Vinice má výbornou expozici na jihovýchod.</p>
</div>
<div class="column">
<p>Když jsem víno poprvé v listopadu 2014 – ješt před slavnou dražbou v Hospices de Beaune – ochutnal, zaujala mne vynikající struktura kyselin a počáteční doteky sladkých taninů z výborně zvoleného sudu. Po osmnáctiměsíčním ležení v sudu a povinném tříměsíčním  odpočinutí v láhvi jsem víno ochutnal znovu&#8230; A je nutno dodat, že zažívám málo tak překvapivých okamžiků , jako byl tento. To, co jsem vnímal při prvním ochutnání v roce 2013 v slibných náznacích, nyní bylo krásně rozvinuto. Sytě červená barva s rubínovými odlesky, vyzrálá chuť , na takto mladé víno překvapivě harmonická, podtržená příjemnou poddajnou tříslovinou a doplněná ovocnými podtóny zralých červených bobulovin. Dlouhý závěr s akcentem tónů zrání v sudu dává vínu ješt velký potenciál zrání</p>
</div>
</div>
</div>
</div>
</div>
</div>
</div>
</div>
</div>
</div>
</div>
</div>
